. Let w = 3 + 1. Suppose -4*a + 10 = -3*a - 2*n, -w*n - 20 = a. Determine o(a).
4
Let w(u) = -1 - 8*u + 8*u - u**3 + 3. Give w(0).
2
Let y(f) = f. Let m = 14 + -2. Suppose -a = -3*a - z - m, 4*a + 24 = 5*z. Give y(a).
-6
Let j = -4 - -6. Let f(g) = 5 + 0*g**3 - 6 - 2*g - j*g**2 + 5*g**3. Suppose -13 = 3*m - 2*v, 4*m - 5*v + 41 = 12. Give f(m).
-6
Let j(z) = -3*z - 8. Let d(a) = 3*a + 7. Let v(u) = -3*d(u) - 2*j(u). What is v(-4)?
7
Let z(c) = -3299 + 2*c + c + 3300. Let g = -8 + 5. What is z(g)?
-8
Let m(x) = -x**2 + 8*x - 7. Let i = 28 + -22. Give m(i).
5
Let n = -2 - 0. Let h = n - 3. Let m(x) = x + 12. What is m(h)?
7
Let r(t) = t**3 - t - 2. Let j be 0 + (-2 + 3 - 1). Let w be r(j). Let n(b) be the second derivative of -b**3/6 + 6*b. Give n(w).
2
Suppose -5*p - 2 = -12. Let l(z) = 7*z - 5. Let g(u) = 3*u - 2. Let y(v) = -10*g(v) + 4*l(v). What is y(p)?
-4
Let m(s) = -s**2 + 3*s - 7. Let t(g) = g**2 - 3*g. Let v(j) = m(j) + 3*t(j). Suppose -3*y = 6, -u + 2 = -y - 5. Give v(u).
13
Let u(t) = -t + 1. Let w(g) = 3*g - 9. Let p(i) = 6*u(i) + w(i). Calculate p(-4).
9
Let i(f) = 2*f**2 - f**3 + 2 - 2 + 0*f**2 - 1 + 2*f. Calculate i(2).
3
Let y(c) be the third derivative of 0 - 1/120*c**6 + 0*c**5 + 2*c**2 + 0*c + 1/3*c**3 + 1/24*c**4. Calculate y(-2).
8
Let a(d) = -7*d - 1 - 8*d + 13*d. What is a(-3)?
5
Let t(p) = 2*p**2 - 3*p**3 - p**2 - 2*p**2. Let i(l) = -l**2 - 6*l + 6. Let v(q) = -q**2 - 5*q - 1. Let y be v(-6). Let k be i(y). Calculate t(k).
2
Suppose 2 = -3*c + 2*t, t + 21 = -3*c + 4. Let s = c - 0. Let w(d) = -d**3 - 4*d**2 - 2*d - 1. Give w(s).
7
Let k(c) = 5*c**3 - 4*c**2 + 6*c + 4. Let y(g) = -9*g**3 + 8*g**2 - 11*g - 7. Let f(v) = 7*k(v) + 4*y(v). Let p = -6 + 9. Give f(p).
3
Let y(c) = c**2 + 7*c + 8. Suppose 1 = -o - 5. Give y(o).
2
Suppose -5*g - 31 + 0 = -3*v, v = -4*g - 18. Let q(k) = -4 + 7*k**3 + 5*k**3 + 5 - 2*k**v. Give q(1).
11
Let r(i) = -2*i - 5. Let w = -16 - -10. Give r(w).
7
Let m(l) = l**2 - 9*l + 5. Let r be m(9). Let x(i) = i**3 - 3*i**2 - 7*i - 2. Give x(r).
13
Let c(b) = -b**2 + 3*b + 3. Let f be c(3). Let u(x) = -3*x**3 + 12*x**2 + 2*x - 2. Let n(k) = k**3 - 4*k**2 - k + 1. Let m(t) = -8*n(t) - 3*u(t). What is m(f)?
-5
Let m(g) = -4*g + 4. Suppose 5 = 2*q - 1. Determine m(q).
-8
Suppose -4*j + 52 - 12 = 0. Let y(s) = s + j*s**2 - s - 9*s**2. Give y(3).
9
Suppose -5*d + w + 9 = -d, 4*d = 4*w. Let f(h) be the third derivative of -1/120*h**6 - 1/10*h**5 - 5/24*h**4 + 0*h + 5/6*h**d - h**2 + 0. Calculate f(-5).
5
Let w(b) be the second derivative of -1/2*b**2 - 1/4*b**4 - 4*b + 0 + 1/3*b**3. What is w(-2)?
-17
Let f(d) = 3*d + 4*d - 5*d**2 - 50*d**3 + 49*d**3. What is f(-6)?
-6
Let w(s) = 9*s - 1. Let z(t) = -t. Suppose 3*p - 4 + 7 = 0. Let j be z(p). Determine w(j).
8
Let a(j) be the third derivative of -9*j**2 + 0*j + 1/24*j**4 + 0 - 7/6*j**3. Determine a(4).
-3
Let m(w) be the third derivative of -w**8/20160 + w**6/360 - w**5/15 + w**2. Let r(p) be the third derivative of m(p). Let q = 1 + -3. Give r(q).
-2
Let w(q) = -3*q**2 + 6*q + 1. Let n(h) = h**2 - h. Let b(u) = -4*n(u) - w(u). Give b(-1).
0
Let l(u) = u**3 + 2*u**2 - 7*u - 6. Let v = -1 - 3. Calculate l(v).
-10
Let p(d) = -d**2 - 5*d - 4. Suppose 0 = -5*q + 3*q - 4*n + 2, q = -3*n + 4. What is p(q)?
-4
Let o(a) be the third derivative of a**4/24 + a**3/6 + 2*a**2. Let g = 4 - 5. Let r = g - -1. What is o(r)?
1
Let k be 2 + (2 - 4/(-2)). Let f = 10 - 7. Let h(g) = -7*g + f*g - 2*g + g**2 + 5. What is h(k)?
5
Let k(g) = -g**3 - 8*g**2 - 7*g - 5. Let o(u) = 2*u - 27. Let y be o(10). Determine k(y).
-5
Let k(n) = 3*n**2 + 9*n + 6. Suppose -3*a + 0*a = -3. Let g(j) = -j**2 - j - 1. Let v(f) = a*k(f) + 4*g(f). Determine v(6).
-4
Let x(v) = -4 - 2*v + 7*v + v**2 + 10. Suppose 5*c + 4*s = -s - 15, 2*c - 2*s = -10. Give x(c).
2
Let v(s) = s**3 - 3*s**2 + 3*s - 2. Let u = 6 - -3. Let f(w) = -w - 14. Let m be f(-17). Suppose -2*t + t = 4*h + 5, -t + m*h = -u. Determine v(t).
7
Let p(t) = -t - 9. Let g be p(0). Let a be -1*1 + 9 + g. Let m(u) = 9*u**3 - 3*u + 2*u + 0*u. Give m(a).
-8
Suppose -2 = -2*h, -n = -2*h + 7*h - 9. Suppose -n*d - 8 = 0, -4*d = 3*q - 0*d - 7. Let l(j) = -3*j**2 + 3*j**2 + 5*j + 0*j**2 + 3 - j**2. What is l(q)?
3
Let r = -3 - -9. Let y = 6 - r. Let k(h) be the second derivative of -h**4/12 - h. Calculate k(y).
0
Let l(a) = -a**3 + 4*a**2 + 1. Let x be 66/(-1)*1/(-3). Suppose 4*q - 3*p = -p - x, 19 = -3*q + 2*p. Let b be (-4)/(q/(-6)*-2). Determine l(b).
1
Suppose -u = 2*u - 9. Let t(a) = 4 + 0*a + a - 6 - u. What is t(0)?
-5
Let f = -32 + 34. Let q(p) be the second derivative of 0 + 2/3*p**3 - 1/12*p**4 + 5/2*p**f - p. What is q(4)?
5
Let d be ((-11)/33)/((-3)/45). Let a(n) = -2*n - 2. Calculate a(d).
-12
Let x be (-8)/(-16) - 1/2. Let w(l) = 20*l**2 + 3*l - 35. Let y(n) = -7*n**2 - n + 12. Let g(h) = 6*w(h) + 17*y(h). What is g(x)?
-6
Let m(u) = u**2 - 6*u + 9. Let y = -11 - -17. Determine m(y).
9
Suppose 3*b = -8 - 1. Let f = b + 3. Let a(y) = -2*y**2 - y - 3. Let k(r) = -5*r**2 - 2*r - 7. Let c(w) = -7*a(w) + 3*k(w). Give c(f).
0
Let r(h) = -3*h**3 + 2*h**2 + 2*h + 1. Let m = 0 + 4. Let a be (-4)/(-16) - 1/m. Suppose -5*n - 7 + 2 = a. Determine r(n).
4
Let p(y) = -5*y**3 - 4*y**2 + 4*y + 1. Let l(f) = -f**3 - f**2 + f + 1. Let m be (0/4)/(-3) + -1. Let v(u) = m*p(u) + 2*l(u). What is v(1)?
4
Suppose 5*m = 5 - 15. Let u(v) = -13*v**2 + v - 3. Let r(f) = 9*f**2 - f + 2. Let c(o) = -7*r(o) - 5*u(o). Calculate c(m).
5
Suppose -4*y - 6 = -7*y. Suppose -y*q + 5*a - 23 = -3*q, -2*q - 4*a + 22 = 0. Let g(f) = -f**2 + 4*f - 2. Determine g(q).
1
Let l(r) = -r + 14. Let w(a) = a - 15. Let u(k) = 5*l(k) + 4*w(k). Determine u(7).
3
Let v(x) = x**2 - 5*x + 2. Let t(i) = i**3 + 8*i**2 + 13*i + 12. Let a be t(-6). Give v(a).
8
Let w(d) = d**2 - d + 5. Let j be w(0). Suppose -x - 2 = x, -5*v = -j*x. Let o(f) = 8*f + 2. Let p(l) = -7*l - 2. Let t(n) = -6*o(n) - 7*p(n). What is t(v)?
1
Let h(l) = l**3 + 5*l**2 + 5*l + 8. Let m be h(-4). Let v(i) = -1. Let o(j) = -j - 7. Let q(p) = -2*o(p) + 18*v(p). Give q(m).
4
Let y(l) = -2*l**2 + 4*l - 3. Suppose 7*w = 4*w + 5*u + 17, 4*u + 4 = 0. What is y(w)?
-19
Let z(y) = y**2 - y + 1. Let j(g) = -5*g**2 + 6*g - 6. Let o(x) = -2*j(x) - 11*z(x). Give o(2).
-5
Let v(g) = -g**2 - g + 20. Let x = -4 + 4. Let b be v(x). Suppose -3*i - 2*i = -b. Let o(s) = -s**2 + 4*s + 2. What is o(i)?
2
Suppose -5*r + 1 = -4*r. Let o(y) = 10*y**2 + y. Calculate o(r).
11
Let g = -2 - -7. Let i(u) = -u - 2. Determine i(g).
-7
Let k(y) = -y - 5. Let q be k(-4). Let h(o) = -o**3 - o**2 + o. Let x(n) = 3*n**2 + 5*n + 4. Let a(d) = q*x(d) + h(d). Determine a(-3).
-1
Let h(m) = 6*m - 6. Let k(w) = -3*w + 3. Let t(s) = 2*h(s) + 5*k(s). Let b = 46 + -41. What is t(b)?
-12
Let s(o) = o - 4. Suppose 35 = t - 6*t. Determine s(t).
-11
Let j(z) = -z**3 - 5*z**2 + z - 1. Suppose 15 = -0*b + 5*b. Let x(v) = 3 + 2*v**b - 2 - 2 + 3*v**2. Let r be x(-2). Determine j(r).
-6
Let v(j) be the second derivative of -5*j**4/12 - j**3 + j**2/2 - j. Let p(k) = 5*k**2 + 5*k - 1. Let m(x) = 4*p(x) + 3*v(x). Calculate m(1).
6
Suppose 5*i - 18 = 2*i. Let m(h) = 2*h - 8. What is m(i)?
4
Let l(k) = -7*k**2 + 5. Let u(q) = 5*q**2 - 3. Let n(s) = -s**2 + 1. Let d(m) = -n(m) + u(m). Let y(g) = -6*d(g) - 5*l(g). Let b = -85 - -84. What is y(b)?
-2
Let j(o) = 0*o**3 + 0*o**3 - 5*o - 4*o**2 - 1 + o**3. What is j(5)?
-1
Let p(j) = j**3 + 6*j**2 + 5*j + 2. Let l be p(-5). Let v(m) = 0*m**2 - 2*m**3 - 3*m**2 + 7*m**2 - 3*m**l. Give v(-1).
3
Let k(a) = 508*a**2 - 2 + a - 7 - 507*a**2. Let i(u) = u**2 - 8*u + 7. Let v be i(7). What is k(v)?
-9
Suppose 5*g + 5 = -h - 4, 0 = -3*g - 4*h - 2. Let m(b) = -5*b - 2. Determine m(g).
8
Let s(z) = -2*z**2 - 3*z + 5. Suppose 3 = l + 1. Suppose l*g - 5*d = 5*g + 22, 12 = -5*g + 4*d. Calculate s(g).
-15
Let z(w) = -10*w**3 + 2*w**2 - 2*w + 1. Let i(t) = -t**3 - 7*t**2 - 6*t + 1. Let m be i(-6). What is z(m)?
-9
Let d(t) = 3*t**2 + 3*t - 4. Let i be 6/(-10) - (-60)/(-25). Calculate d(i).
14
Let z(g) = g**3 - 9*g**2 + 8*g. Suppose -2*x - 66 = -5*x. Suppose -x - 18 = -5*i. Determine z(i).
0
Let m(c) = c + 8. Let w(g) = 2*g + 15. Let b(v) = -10*m(v) + 6*w(v). Suppose 11 - 32 = 3*h. What is b(h)?
-4
Let q(l) = 5*l**3 - 10*l**2 - 9*l - 11. Let o(u) = 